{"id":2738,"date":"2025-06-06T11:46:03","date_gmt":"2025-06-06T09:46:03","guid":{"rendered":"https:\/\/www.leclossaintgilles.fr\/?post_type=gite&#038;p=2738"},"modified":"2025-06-19T11:36:23","modified_gmt":"2025-06-19T09:36:23","slug":"chambre-hotes-cote-mont","status":"publish","type":"gite","link":"https:\/\/www.leclossaintgilles.fr\/es\/chambre-hotes-cote-mont\/","title":{"rendered":"Habitaci\u00f3n C\u00f4t\u00e9 Mont"},"content":{"rendered":"","protected":false},"featured_media":3189,"template":"","meta":{"_acf_changed":false,"inline_featured_image":false},"class_list":["post-2738","gite","type-gite","status-publish","has-post-thumbnail","hentry"],"acf":[],"_links":{"self":[{"href":"https:\/\/www.leclossaintgilles.fr\/es\/wp-json\/wp\/v2\/gite\/2738","targetHints":{"allow":["GET"]}}],"collection":[{"href":"https:\/\/www.leclossaintgilles.fr\/es\/wp-json\/wp\/v2\/gite"}],"about":[{"href":"https:\/\/www.leclossaintgilles.fr\/es\/wp-json\/wp\/v2\/types\/gite"}],"wp:featuredmedia":[{"embeddable":true,"href":"https:\/\/www.leclossaintgilles.fr\/es\/wp-json\/wp\/v2\/media\/3189"}],"wp:attachment":[{"href":"https:\/\/www.leclossaintgilles.fr\/es\/wp-json\/wp\/v2\/media?parent=2738"}],"curies":[{"name":"wp","href":"https:\/\/api.w.org\/{rel}","templated":true}]}}

Habitación Côté Mont
